 are the prime factors of 3841709?
3841709
What are the prime factors of 529689?
3, 383, 461
List the prime factors of 332956.
2, 13, 19, 337
List the prime factors of 1340890.
2, 5, 134089
What are the prime factors of 20728979?
1069, 19391
List the prime factors of 4945349.
199, 24851
What are the prime factors of 1832443?
101, 18143
What are the prime factors of 16306319?
1429, 11411
List the prime factors of 9122510.
2, 5, 912251
List the prime factors of 917344.
2, 109, 263
List the prime factors of 261580.
2, 5, 11, 29, 41
List the prime factors of 504421.
37, 13633
List the prime factors of 517381.
517381
What are the prime factors of 1711460?
2, 5, 83, 1031
What are the prime factors of 11361475?
5, 29, 15671
What are the prime factors of 1965363?
3, 655121
What are the prime factors of 187209?
3, 11, 31, 61
What are the prime factors of 1550669?
1550669
List the prime factors of 10858020.
2, 3, 5, 37, 67, 73
List the prime factors of 492805.
5, 98561
List the prime factors of 7189718.
2, 1607, 2237
What are the prime factors of 1893641?
71, 149, 179
List the prime factors of 88800.
2, 3, 5, 37
List the prime factors of 19053131.
23, 828397
What are the prime factors of 1614340?
2, 5, 7, 13, 887
What are the prime factors of 8854166?
2, 4427083
What are the prime factors of 7797305?
5, 17, 91733
What are the prime factors of 3840517?
23, 166979
List the prime factors of 454484.
2, 113621
List the prime factors of 14324983.
14324983
List the prime factors of 3630099.
3, 11, 41, 2683
What are the prime factors of 158221?
7, 3229
What are the prime factors of 774285?
3, 5, 41, 1259
List the prime factors of 2542860.
2, 3, 5, 17, 277
What are the prime factors of 422064?
2, 3, 977
List the prime factors of 421189.
421189
List the prime factors of 2686803.
3, 7, 97, 1319
List the prime factors of 120268.
2, 107, 281
List the prime factors of 25612210.
2, 5, 13, 271, 727
What are the prime factors of 3101160?
2, 3, 5, 43, 601
What are the prime factors of 4773?
3, 37, 43
What are the prime factors of 4389910?
2, 5, 7, 17, 31
What are the prime factors of 28680299?
28680299
What are the prime factors of 16563160?
2, 5, 547, 757
List the prime factors of 177411.
3, 13, 4549
What are the prime factors of 2928180?
2, 3, 5, 37, 1319
What are the prime factors of 1225635?
3, 5, 101, 809
What are the prime factors of 231965?
5, 17, 2729
What are the prime factors of 52679?
11, 4789
What are the prime factors of 1187321?
1187321
List the prime factors of 12529632.
2, 3, 130517
What are the prime factors of 89785?
5, 17957
List the prime factors of 341429.
11, 31039
What are the prime factors of 612901?
17, 31, 1163
What are the prime factors of 1818336?
2, 3, 13, 31, 47
List the prime factors of 349468.
2, 7, 1783
What are the prime factors of 519984?
2, 3, 23, 157
What are the prime factors of 1164992?
2, 109, 167
List the prime factors of 3366621.
3, 374069
List the prime factors of 766194.
2, 3, 11, 13, 19, 47
What are the prime factors of 848810?
2, 5, 17, 4993
List the prime factors of 569230.
2, 5, 56923
What are the prime factors of 2305989?
3, 7, 83
List the prime factors of 17410697.
17410697
What are the prime factors of 81814?
2, 19, 2153
What are the prime factors of 241039?
41, 5879
List the prime factors of 682916.
2, 13, 23, 571
List the prime factors of 552782.
2, 23, 61, 197
What are the prime factors of 7354814?
2, 373, 9859
What are the prime factors of 5821152?
2, 3, 60637
List the prime factors of 396563.
396563
What are the prime factors of 91469?
7, 73, 179
List the prime factors of 456948.
2, 3, 4231
List the prime factors of 6586781.
6586781
List the prime factors of 205235.
5, 41047
What are the prime factors of 1465199?
83, 127, 139
List the prime factors of 128321.
128321
List the prime factors of 388269.
3, 7, 6163
What are the prime factors of 329156?
2, 19, 61, 71
List the prime factors of 5918038.
2, 7, 23, 18379
What are the prime factors of 50954?
2, 73, 349
What are the prime factors of 170833?
13, 17, 773
What are the prime factors of 115659?
3, 71, 181
What are the prime factors of 2326617?
3, 86171
What are the prime factors of 5842809?
3, 7, 13249
List the prime factors of 504080.
2, 5, 6301
What are the prime factors of 1003171?
13, 77167
What are the prime factors of 2736783?
3, 7, 43441
What are the prime factors of 8011289?
11, 13, 463
List the prime factors of 167961.
3, 55987
List the prime factors of 571229.
571229
What are the prime factors of 877631?
47, 71, 263
What are the prime factors of 8790771?
3, 11, 61, 397
What are the prime factors of 7316590?
2, 5, 59, 12401
What are the prime factors of 31512518?
2, 41, 384299
List the prime factors of 1005598.
2, 11, 43, 1063
What are the prime factors of 3549083?
41, 107, 809
List the prime factors of 1028646.
2, 3, 43, 443
What are the prime factors of 26954577?
3, 13, 101, 2281
List the prime factors of 1334661.
3, 444887
List the prime factors of 721971.
3, 97, 827
What are the prime factors of 1071289?
17, 29, 41, 53
List the prime factors of 322976.
2, 10093
List the prime factors of 2611083.
3, 137, 6353
List the prime factors of 2712388.
2, 7, 73, 1327
List the prime factors of 1731785.
5, 11, 23, 37
What are the prime factors of 13302335?
5, 2660467
List the prime factors of 1486005.
3, 5, 157, 631
List the prime factors of 15030.
2, 3, 5, 167
What are the prime factors of 76614?
2, 3, 113
What are the prime factors of 1151367?
3, 7, 109, 503
List the prime factors of 4609548.
2, 3, 41, 347
List the prime factors of 150235.
5, 30047
List the prime factors of 8763953.
11, 691, 1153
List the prime factors of 93557.
93557
What are the prime factors of 1876468?
2, 11, 3877
List the prime factors of 360538.
2, 71, 2539
List the prime factors of 2462803.
7, 351829
What are the prime factors of 382415?
5, 11, 17, 409
What are the prime factors of 1797664?
2, 11, 5107
List the prime factors of 2621479.
7, 197, 1901
List the prime factors of 11494094.
2, 691, 8317
List the prime factors of 464530.
2, 5, 11, 41, 103
What are the prime factors of 29524848?
2, 3, 615101
List the prime factors of 4529031.
3, 13, 8933
What are the prime factors of 19969301?
11, 31, 157, 373
What are the prime factors of 426056?
2, 19, 2803
List the prime factors of 1881823.
1881823
List the prime factors of 2469616.
2, 154351
List the prime factors of 3013586.
2, 73, 20641
List the prime factors of 398055.
3, 5, 7, 17, 223
What are the prime factors of 1200224?
2, 37507
What are the prime factors of 2436388?
2, 67, 9091
List the prime factors of 5591817.
3, 7, 11, 8069
What are the prime factors of 66085?
5, 13217
What are the prime factors of 298734?
2, 3, 49789
List the prime factors of 1693365.
3, 5, 79, 1429
What are the prime factors of 3198250?
2, 5, 11, 1163
What are the prime factors of 727127?
197, 3691
List the prime factors of 858380.
2, 5, 167, 257
What are the prime factors of 2458910?
2, 5, 29, 61, 139
What are the prime factors of 10619482?
2, 197, 26953
What are the prime factors of 637929?
3, 23627
List the prime factors of 6069637.
7, 867091
List the prime factors of 841060.
2, 5, 11, 3823
What are the prime factors of 15754715?
5, 67, 131, 359
List the prime factors of 1577335.
5, 315467
List the prime factors of 16661221.
16661221
List the prime factors of 63816.
2, 3, 2659
List the prime factors of 6285344.
2, 13, 29, 521
List the prime factors of 688396.
2, 113, 1523
List the prime factors of 614931.
3, 71, 2887
What are the prime factors of 300104?
2, 7, 23, 233
List the prime factors of 3078880.
2, 5, 7, 2749
List the prime factors of 9097387.
13, 29, 59, 409
What are the prime factors of 137859?
3, 45953
List the prime factors of 4342.
2, 13, 167
What are the prime factors of 8856482?
2, 523, 8467
List the prime factors of 782620.
2, 5, 109, 359
List the prime factors of 784178.
2, 37, 10597
List the prime factors of 10068854.
2, 5034427
What are the prime factors of 733855?
5, 317, 463
List the prime factors of 1309258.
2, 654629
What are the prime factors of 1593620?
2, 5, 7, 11383
List the prime factors of 220983.
3, 7, 17, 619
What are the prime factors of 2313408?
2, 3, 12049
What are the prime factors of 2810452?
2, 702613
What are the prime 